mainder when 94294 is divided by 61?
49
What is the remainder when 225985 is divided by 2020?
1765
Calculate the remainder when 6088989 is divided by 14997.
207
Calculate the remainder when 3130569 is divided by 240812.
13
Calculate the remainder when 24128647 is divided by 7796.
27
Calculate the remainder when 17745 is divided by 1791.
1626
Calculate the remainder when 3062300 is divided by 230.
80
Calculate the remainder when 809334 is divided by 7635.
24
What is the remainder when 5023266 is divided by 218371?
733
Calculate the remainder when 28005 is divided by 121.
54
What is the remainder when 2026052 is divided by 267?
56
What is the remainder when 2832994 is divided by 2215?
9
Calculate the remainder when 6704393 is divided by 868.
829
What is the remainder when 9383907 is divided by 190?
187
What is the remainder when 3543607 is divided by 244?
239
What is the remainder when 16886567 is divided by 1267?
1258
What is the remainder when 843371 is divided by 513?
512
Calculate the remainder when 185361 is divided by 132.
33
Calculate the remainder when 297919679 is divided by 320.
319
Calculate the remainder when 4727 is divided by 274.
69
Calculate the remainder when 47132 is divided by 15579.
395
Calculate the remainder when 17567547 is divided by 546.
543
Calculate the remainder when 2042600 is divided by 33.
32
Calculate the remainder when 16235569 is divided by 1986.
19
What is the remainder when 15609306 is divided by 1734367?
3
Calculate the remainder when 8510896 is divided by 72.
64
What is the remainder when 94390 is divided by 3367?
114
Calculate the remainder when 198976 is divided by 349.
46
What is the remainder when 2576854 is divided by 2095?
4
Calculate the remainder when 1391076 is divided by 53491.
310
Calculate the remainder when 2917198 is divided by 50.
48
Calculate the remainder when 1552263 is divided by 193923.
879
What is the remainder when 11660034 is divided by 777333?
39
What is the remainder when 3394167 is divided by 7315?
7
What is the remainder when 2745134 is divided by 526?
466
Calculate the remainder when 1005724 is divided by 1657.
1582
Calculate the remainder when 4487896 is divided by 107.
102
Calculate the remainder when 11673931 is divided by 443.
438
Calculate the remainder when 145548290 is divided by 2372.
2370
Calculate the remainder when 91210 is divided by 10048.
778
Calculate the remainder when 81343 is divided by 7377.
196
Calculate the remainder when 9132816 is divided by 608848.
96
What is the remainder when 1516292 is divided by 14?
8
What is the remainder when 1563701 is divided by 284?
281
Calculate the remainder when 103729 is divided by 665.
654
What is the remainder when 1869319 is divided by 914?
189
Calculate the remainder when 16359464 is divided by 5362.
2
What is the remainder when 15829 is divided by 14865?
964
Calculate the remainder when 3447356 is divided by 292.
4
Calculate the remainder when 10713773 is divided by 76.
53
What is the remainder when 230182 is divided by 376?
70
Calculate the remainder when 263824 is divided by 26368.
144
Calculate the remainder when 43029426 is divided by 689.
687
Calculate the remainder when 600320 is divided by 3110.
90
Calculate the remainder when 6224433 is divided by 2519.
2503
Calculate the remainder when 629067 is divided by 4498.
3845
What is the remainder when 48058079 is divided by 80?
79
Calculate the remainder when 56023 is divided by 466.
103
Calculate the remainder when 146557 is divided by 5858.
107
What is the remainder when 798667 is divided by 5254?
59
Calculate the remainder when 1927885 is divided by 922.
905
Calculate the remainder when 104686818 is divided by 221.
2
What is the remainder when 97796 is divided by 586?
520
Calculate the remainder when 2473396 is divided by 582.
478
Calculate the remainder when 626952 is divided by 3968.
8
Calculate the remainder when 114240654 is divided by 3946.
8
Calculate the remainder when 10056989 is divided by 352.
349
Calculate the remainder when 2456152 is divided by 2387.
2316
What is the remainder when 22942 is divided by 7267?
1141
What is the remainder when 650300 is divided by 4163?
872
Calculate the remainder when 575745 is divided by 473.
104
What is the remainder when 6057 is divided by 1468?
185
What is the remainder when 24820 is divided by 2426?
560
What is the remainder when 105233 is divided by 21042?
23
What is the remainder when 594752 is divided by 322?
18
What is the remainder when 113204 is divided by 3299?
1038
Calculate the remainder when 24837 is divided by 548.
177
What is the remainder when 7310 is divided by 1048?
1022
What is the remainder when 80117 is divided by 120?
77
Calculate the remainder when 689034 is divided by 41.
29
Calculate the remainder when 1163052 is divided by 2523.
2472
Calculate the remainder when 146608 is divided by 48825.
133
What is the remainder when 155566 is divided by 148393?
7173
What is the remainder when 1801022 is divided by 687?
395
Calculate the remainder when 574290659 is divided by 10.
9
Calculate the remainder when 311885 is divided by 21757.
7287
What is the remainder when 10743451 is divided by 330?
301
What is the remainder when 11921016 is divided by 1658?
1654
What is the remainder when 7887589 is divided by 258?
13
What is the remainder when 403415 is divided by 201559?
297
Calculate the remainder when 8383371 is divided by 412.
407
Calculate the remainder when 2641787 is divided by 6523.
6495
Calculate the remainder when 3107568 is divided by 5312.
48
Calculate the remainder when 245103 is divided by 4.
3
Calculate the remainder when 950427 is divided by 8337.
9
What is the remainder when 206259 is divided by 1211?
389
What is the remainder when 2912263 is divided by 1456130?
3
What is the remainder when 325672 is divided by 270?
52
Calculate the remainder when 27024234 is divided by 7719.
15
Calculate the remainder when 187265 is divided by 26746.
43
What is the remainder when 252230 is divided by 84059?
53
Calculate the remainder when 3479067 is divided by 144961.
3
Calculate the remainder when 2955 is divided by 827.
474
What is the remainder when 14280628 is divided by 952039?
43
Calculate the remainder when 2919139 is divided by 100.
39
What is the remainder when 50749808 is divided by 33?
32
What is the remainder when 12101363 is divided by 696?
11
What is the remainder when 461409845 is divided by 1017?
1013
What is the remainder when 13866607 is divided by 175526?
53
Calculate the remainder when 150160 is divided by 128.
16
Calculate the remainder when 455605 is divided by 399.
346
What is the remainder when 4178621 is divided by 117?
83
Calculate the remainder when 15170891 is divided by 506.
505
What is the remainder when 896611 is divided by 219?
25
What is the remainder when 276249 is divided by 2740?
2249
What is the remainder when 7026206 is divided by 367?
358
What is the remainder when 117978181 is divided by 98?
97
What is the remainder when 366459 is divided by 18749?
10228
What is the remainder when 5102287 is divided by 433?
248
Calculate the remainder when 1696922 is divided by 451.
260
What is the remainder when 134442852 is divided by 419?
417
What is the remainder when 94347 is divided by 1685?
1672
What is the remainder when 12605674 is divided by 12605643?
31
What is the remainder when 3041476 is divided by 2513?
746
What is the remainder when 27695708 is divided by 7?
5
Calculate the remainder when 1479828 is divided by 3505.
718
What is the remainder when 51182219 is divided by 226?
225
Calculate the remainder when 188917512 is divided by 1173.
1170
What is the remainder when 2598648 is divided by 32?
24
Calculate the remainder when 625737 is divided by 278.
237
Calculate the remainder when 21130781 is divided by 5282664.
125
What is the remainder when 580167 is divided by 193171?
654
Calculate the remainder when 120355187 is divided by 1623.
1622
What is the remainder when 3362338 is divided by 10251?
10
Calculate the remainder when 474243496 is divided by 8248.
8240
Calculate the remainder when 236458 is divided by 9506.
8314
What is the remainder when 5736 is divided by 525?
486
What is the remainder when 571136 is divided by 1110?
596
What is the remainder when 13505558 is d